{"id":2656,"date":"2025-12-02T17:55:11","date_gmt":"2025-12-02T17:55:11","guid":{"rendered":"https:\/\/esportscalp.es\/?page_id=2656"},"modified":"2025-12-11T12:18:53","modified_gmt":"2025-12-11T12:18:53","slug":"sansil","status":"publish","type":"page","link":"https:\/\/esportscalp.es\/va\/sansil\/","title":{"rendered":"Sant Silvestre Calp 2025"},"content":{"rendered":"<p>El Ayuntamiento de Calp vuelve a organizar la carrera de la Sant Silvestre popular, en su edici\u00f3n n\u00famero 14.<\/p>\n\n\n\n<p>Tendr\u00e1 lugar el\u00a0<strong>jueves 18 de diciembre<\/strong>, con salida en un <strong>la Plaza de la Villa<\/strong>, a las<strong> 20:00h<\/strong>. El recorrido es por el casco antiguo, de 1,95 km y de car\u00e1cter festivo.<\/p>\n\n\n\n<p>Todos los participantes ser\u00e1n obsequiados con un gorro navide\u00f1o, dorsal y chocolate con churros.<\/p>\n\n\n\n<p>La inscripci\u00f3n y participaci\u00f3n ser\u00e1 gratuita, con la\u00a0<strong>donaci\u00f3n de un juguete, libro<\/strong>\u00a0o similar que ir\u00e1 destinada a familias de Paiporta, Catarroja y Albal por parte del Rotary Calp-Ifach.<\/p>\n\n\n\n<p>ENLACE DE INSCRIPCIONES: <a href=\"https:\/\/inscripciones.gruponostresport.com\/web-evento\/12519-xiv-sant-silvestre-de-calp-2025\" target=\"_blank\" rel=\"noopener\" title=\"\">https:\/\/inscripciones.gruponostresport.com\/web-evento\/12519-xiv-sant-silvestre-de-calp-2025<\/a><\/p>\n\n\n\n<p>El recorrido es el siguiente: Pl. de la Villa > Miguel Rosell\u00f3 > Sant\u00edsimo Cristo > Pur\u00edssima > L&#8217;Ermita > Alicante > San Isidro > Conde de Altea > de Fora > Llibertat > Justicia > Av. de Ifach > Goleta > Av. Masnou > Mare de D\u00e9u del Carme > Sant\u00edssimo Cristo > Mayor > Vicente Gallart >\u00a0Pl. de la Villa<\/p>\n\n\n\n<p><\/p>\n\n\n\n<figure class=\"wp-block-image aligncenter size-large is-resized\"><img loading=\"lazy\" decoding=\"async\" width=\"1024\" height=\"565\" src=\"https:\/\/esportscalp.es\/wp-content\/uploads\/2025\/12\/Captura-de-pantalla-2025-12-09-a-las-13.19.19-1024x565.png\" alt=\"\" class=\"wp-image-2673\" style=\"width:814px;height:auto\" srcset=\"https:\/\/esportscalp.es\/wp-content\/uploads\/2025\/12\/Captura-de-pantalla-2025-12-09-a-las-13.19.19-1024x565.png 1024w, https:\/\/esportscalp.es\/wp-content\/uploads\/2025\/12\/Captura-de-pantalla-2025-12-09-a-las-13.19.19-300x166.png 300w, https:\/\/esportscalp.es\/wp-content\/uploads\/2025\/12\/Captura-de-pantalla-2025-12-09-a-las-13.19.19-2000x1104.png 2000w, https:\/\/esportscalp.es\/wp-content\/uploads\/2025\/12\/Captura-de-pantalla-2025-12-09-a-las-13.19.19-18x10.png 18w, https:\/\/esportscalp.es\/wp-content\/uploads\/2025\/12\/Captura-de-pantalla-2025-12-09-a-las-13.19.19.png 2022w\" sizes=\"auto, (max-width: 1024px) 100vw, 1024px\" \/><\/figure>\n\n\n\n<p><\/p>\n\n\n\n<figure class=\"wp-block-image alignleft size-full is-resized\"><img decoding=\"async\" src=\"https:\/\/esportscalp.es\/wp-content\/uploads\/2025\/12\/San-Silveste-Calp-Banner-para-blog.png\" alt=\"\" class=\"wp-image-2664\" style=\"width:1014px;height:auto\"\/><\/figure>\n\n\n\n<p><\/p>","protected":false},"excerpt":{"rendered":"<p>El Ayuntamiento de Calp vuelve a organizar la carrera de la Sant Silvestre popular, en su edici\u00f3n n\u00famero 14. Tendr\u00e1 lugar el\u00a0jueves 18 de diciembre, con salida en un la Plaza de la Villa, a las 20:00h. El recorrido es por el casco antiguo, de 1,95 km y de car\u00e1cter festivo. Todos los participantes ser\u00e1n &hellip; <\/p>\n<p class=\"link-more\"><a href=\"https:\/\/esportscalp.es\/va\/sansil\/\" class=\"more-link\">Read more<span class=\"screen-reader-text\"> \u00abSant Silvestre Calp 2025\u00bb<\/span><\/a><\/p>","protected":false},"author":1,"featured_media":2664,"parent":0,"menu_order":0,"comment_status":"closed","ping_status":"closed","template":"","meta":{"_uag_custom_page_level_css":"","_inspiro_hide_title":false,"footnotes":""},"class_list":["post-2656","page","type-page","status-publish","has-post-thumbnail","hentry"],"aioseo_notices":[],"uagb_featured_image_src":{"full":["https:\/\/esportscalp.es\/wp-content\/uploads\/2025\/12\/San-Silveste-Calp-Banner-para-blog.png",0,0,false],"thumbnail":["https:\/\/esportscalp.es\/wp-content\/uploads\/2025\/12\/San-Silveste-Calp-Banner-para-blog.png",1,1,false],"medium":["https:\/\/esportscalp.es\/wp-content\/uploads\/2025\/12\/San-Silveste-Calp-Banner-para-blog.png",1,1,false],"medium_large":["https:\/\/esportscalp.es\/wp-content\/uploads\/2025\/12\/San-Silveste-Calp-Banner-para-blog.png",1,1,false],"large":["https:\/\/esportscalp.es\/wp-content\/uploads\/2025\/12\/San-Silveste-Calp-Banner-para-blog.png",1,1,false],"1536x1536":["https:\/\/esportscalp.es\/wp-content\/uploads\/2025\/12\/San-Silveste-Calp-Banner-para-blog-1536x864.png",1536,864,true],"2048x2048":["https:\/\/esportscalp.es\/wp-content\/uploads\/2025\/12\/San-Silveste-Calp-Banner-para-blog-2048x1152.png",2048,1152,true],"trp-custom-language-flag":["https:\/\/esportscalp.es\/wp-content\/uploads\/2025\/12\/San-Silveste-Calp-Banner-para-blog-18x10.png",18,10,true],"inspiro-featured-image":["https:\/\/esportscalp.es\/wp-content\/uploads\/2025\/12\/San-Silveste-Calp-Banner-para-blog-2000x1125.png",2000,1125,true],"inspiro-loop":["https:\/\/esportscalp.es\/wp-content\/uploads\/2025\/12\/San-Silveste-Calp-Banner-para-blog-950x320.png",950,320,true],"inspiro-loop@2x":["https:\/\/esportscalp.es\/wp-content\/uploads\/2025\/12\/San-Silveste-Calp-Banner-para-blog-1900x640.png",1900,640,true]},"uagb_author_info":{"display_name":"@esportscalp","author_link":"https:\/\/esportscalp.es\/va\/author\/esportscalpgmail-com\/"},"uagb_comment_info":0,"uagb_excerpt":"El Ayuntamiento de Calp vuelve a organizar la carrera de la Sant Silvestre popular, en su edici\u00f3n n\u00famero 14. Tendr\u00e1 lugar el\u00a0jueves 18 de diciembre, con salida en un la Plaza de la Villa, a las 20:00h. El recorrido es por el casco antiguo, de 1,95 km y de car\u00e1cter festivo. Todos los participantes ser\u00e1n&hellip;","_links":{"self":[{"href":"https:\/\/esportscalp.es\/va\/wp-json\/wp\/v2\/pages\/2656","targetHints":{"allow":["GET"]}}],"collection":[{"href":"https:\/\/esportscalp.es\/va\/wp-json\/wp\/v2\/pages"}],"about":[{"href":"https:\/\/esportscalp.es\/va\/wp-json\/wp\/v2\/types\/page"}],"author":[{"embeddable":true,"href":"https:\/\/esportscalp.es\/va\/wp-json\/wp\/v2\/users\/1"}],"replies":[{"embeddable":true,"href":"https:\/\/esportscalp.es\/va\/wp-json\/wp\/v2\/comments?post=2656"}],"version-history":[{"count":10,"href":"https:\/\/esportscalp.es\/va\/wp-json\/wp\/v2\/pages\/2656\/revisions"}],"predecessor-version":[{"id":2676,"href":"https:\/\/esportscalp.es\/va\/wp-json\/wp\/v2\/pages\/2656\/revisions\/2676"}],"wp:featuredmedia":[{"embeddable":true,"href":"https:\/\/esportscalp.es\/va\/wp-json\/wp\/v2\/media\/2664"}],"wp:attachment":[{"href":"https:\/\/esportscalp.es\/va\/wp-json\/wp\/v2\/media?parent=2656"}],"curies":[{"name":"wp","href":"https:\/\/api.w.org\/{rel}","templated":true}]}}

<p>El Ayuntamiento de Calp vuelve a organizar la carrera de la Sant Silvestre popular, en su edición número 14.</p>



<p>Tendrá lugar el <strong>jueves 18 de diciembre</strong>, con salida en un <strong>la Plaza de la Villa</strong>, a las<strong> 20:00h</strong>. El recorrido es por el casco antiguo, de 1,95 km y de carácter festivo.</p>



<p>Todos los participantes serán obsequiados con un gorro navideño, dorsal y chocolate con churros.</p>



<p>La inscripción y participación será gratuita, con la <strong>donación de un juguete, libro</strong> o similar que irá destinada a familias de Paiporta, Catarroja y Albal por parte del Rotary Calp-Ifach.</p>



<p>ENLACE DE INSCRIPCIONES: <a href="https://inscripciones.gruponostresport.com/web-evento/12519-xiv-sant-silvestre-de-calp-2025" target="_blank" rel="noopener" title="">https://inscripciones.gruponostresport.com/web-evento/12519-xiv-sant-silvestre-de-calp-2025</a></p>



<p>El recorrido es el siguiente: Pl. de la Villa > Miguel Roselló > Santísimo Cristo > Puríssima > L&#8217;Ermita > Alicante > San Isidro > Conde de Altea > de Fora > Llibertat > Justicia > Av. de Ifach > Goleta > Av. Masnou > Mare de Déu del Carme > Santíssimo Cristo > Mayor > Vicente Gallart > Pl. de la Villa</p>



<p></p>



<figure class="wp-block-image aligncenter size-large is-resized"><img loading="lazy" decoding="async" width="1024" height="565" src="https://esportscalp.es/wp-content/uploads/2025/12/Captura-de-pantalla-2025-12-09-a-las-13.19.19-1024x565.png" alt="" class="wp-image-2673" style="width:814px;height:auto" srcset="https://esportscalp.es/wp-content/uploads/2025/12/Captura-de-pantalla-2025-12-09-a-las-13.19.19-1024x565.png 1024w, https://esportscalp.es/wp-content/uploads/2025/12/Captura-de-pantalla-2025-12-09-a-las-13.19.19-300x166.png 300w, https://esportscalp.es/wp-content/uploads/2025/12/Captura-de-pantalla-2025-12-09-a-las-13.19.19-2000x1104.png 2000w, https://esportscalp.es/wp-content/uploads/2025/12/Captura-de-pantalla-2025-12-09-a-las-13.19.19-18x10.png 18w, https://esportscalp.es/wp-content/uploads/2025/12/Captura-de-pantalla-2025-12-09-a-las-13.19.19.png 2022w" sizes="auto, (max-width: 1024px) 100vw, 1024px" /></figure>



<p></p>



<figure class="wp-block-image alignleft size-full is-resized"><img decoding="async" src="https://esportscalp.es/wp-content/uploads/2025/12/San-Silveste-Calp-Banner-para-blog.png" alt="" class="wp-image-2664" style="width:1014px;height:auto"/></figure>



<p></p>

<p>El Ayuntamiento de Calp vuelve a organizar la carrera de la Sant Silvestre popular, en su edición número 14. Tendrá lugar el jueves 18 de diciembre, con salida en un la Plaza de la Villa, a las 20:00h. El recorrido es por el casco antiguo, de 1,95 km y de carácter festivo. Todos los participantes serán &hellip; </p>
<p class="link-more"><a href="https://esportscalp.es/va/sansil/" class="more-link">Read more<span class="screen-reader-text"> «Sant Silvestre Calp 2025»</span></a></p>

El Ayuntamiento de Calp vuelve a organizar la carrera de la Sant Silvestre popular, en su edición número 14. Tendrá lugar el jueves 18 de diciembre, con salida en un la Plaza de la Villa, a las 20:00h. El recorrido es por el casco antiguo, de 1,95 km y de carácter festivo. Todos los participantes serán&hellip;
